9 a factor of 172162?
True
Is 361 a factor of 1271081?
True
Does 506 divide 1957114?
False
Is 3578408 a multiple of 14?
False
Is 212560 a multiple of 264?
False
Does 463 divide 650052?
True
Does 15 divide 492510?
True
Does 7 divide 74269?
False
Is 73 a factor of 7486?
False
Is 21 a factor of 114198?
True
Is 1341985 a multiple of 239?
True
Is 99120 a multiple of 472?
True
Does 10 divide 4336730?
True
Is 28 a factor of 2028356?
False
Is 210632 a multiple of 21?
False
Is 15 a factor of 16608518?
False
Does 365 divide 18109840?
True
Is 20 a factor of 53876?
False
Is 611499 a multiple of 146?
False
Is 28 a factor of 4408572?
True
Is 117924 a multiple of 6?
True
Does 19 divide 236167?
False
Is 9183135 a multiple of 85?
False
Does 43 divide 16654803?
True
Is 104849 a multiple of 43?
False
Is 1343100 a multiple of 11?
True
Is 8 a factor of 9185457?
False
Is 20676910 a multiple of 10?
True
Is 396175 a multiple of 53?
True
Is 2062137 a multiple of 7?
True
Does 84 divide 347932?
False
Is 314010 a multiple of 107?
False
Is 105906 a multiple of 98?
False
Is 57427 even?
False
Is 39 a factor of 41340?
True
Is 489 a factor of 53790?
True
Is 7 a factor of 142283?
False
Does 142 divide 262416?
True
Does 15 divide 239220?
True
Does 574 divide 384006?
True
Is 411723 a multiple of 198?
False
Is 49001 a multiple of 15?
False
Does 7 divide 230702?
False
Is 4 a factor of 139105?
False
Is 2048662 a multiple of 14?
True
Does 236 divide 869424?
True
Does 169 divide 251979?
True
Is 541725 a multiple of 655?
False
Does 33 divide 138293?
False
Does 27 divide 40265?
False
Does 3 divide 27744?
True
Is 644292 a multiple of 179?
False
Is 7 a factor of 705653?
False
Is 49 a factor of 22483?
False
Is 90608 a multiple of 18?
False
Does 15 divide 33030?
True
Is 210676 a multiple of 185?
False
Does 41 divide 129238?
False
Does 142 divide 1645253?
False
Is 105495 a multiple of 96?
False
Is 13054711 a multiple of 29?
False
Does 117 divide 239850?
True
Is 897639 a multiple of 51?
False
Is 87 a factor of 678948?
True
Does 274 divide 2216874?
False
Does 437 divide 36708?
True
Is 10 a factor of 17753?
False
Is 560164 a multiple of 370?
False
Is 2682584 a multiple of 11?
False
Is 132032 a multiple of 64?
True
Is 124 a factor of 69688?
True
Is 166833 a multiple of 341?
False
Is 189 a factor of 2378754?
True
Does 395 divide 819625?
True
Does 156 divide 625404?
True
Is 23 a factor of 2815085?
True
Is 1796140 a multiple of 96?
False
Does 132 divide 10090183?
False
Does 69 divide 99632?
False
Is 681 a factor of 1526121?
True
Is 145 a factor of 96715?
True
Is 648522 a multiple of 63?
True
Is 9509760 a multiple of 9?
True
Is 211407 a multiple of 21?
True
Is 78 a factor of 2119728?
True
Is 11 a factor of 1425340?
False
Is 117 a factor of 16898544?
True
Does 5 divide 89958?
False
Does 612 divide 2428301?
False
Is 15308 a multiple of 43?
True
Is 21859056 a multiple of 47?
False
Is 7 a factor of 42567?
True
Does 10 divide 26847?
False
Is 170 a factor of 154870?
True
Is 22 a factor of 164274?
True
Is 3431535 a multiple of 255?
True
Is 74 a factor of 1698992?
False
Is 12 a factor of 4662?
False
Does 76 divide 236968?
True
Is 49423 a multiple of 33?
False
Is 9093513 a multiple of 39?
True
Is 193460 a multiple of 68?
True
Is 141 a factor of 272694?
True
Is 12 a factor of 7380?
True
Does 8 divide 601754?
False
Is 720576 a multiple of 417?
True
Does 175 divide 100417?
False
Is 9803689 a multiple of 224?
False
Does 9 divide 92232?
True
Does 6 divide 895043?
False
Is 717 a factor of 6996486?
True
Is 25 a factor of 81504?
False
Is 40 a factor of 384782?
False
Is 3621840 a multiple of 8?
True
Does 110 divide 89737?
False
Does 134 divide 124737?
False
Is 7551775 a multiple of 171?
False
Does 12 divide 145797?
False
Is 47933 a multiple of 32?
False
Is 51 a factor of 93308?
False
Is 1258388 a multiple of 2?
True
Is 478 a factor of 854925?
False
Is 3062550 a multiple of 102?
True
Does 352 divide 509696?
True
Is 33804 a multiple of 125?
False
Is 16 a factor of 434832?
True
Is 184748 a multiple of 10?
False
Is 318489 a multiple of 24?
False
Is 23 a factor of 7596417?
True
Does 150 divide 238110?
False
Is 14391 a multiple of 11?
False
Is 24 a factor of 3540744?
True
Is 3879960 a multiple of 298?
True
Is 10963028 a multiple of 17?
True
Does 14 divide 704339?
False
Is 35 a factor of 95375?
True
Does 26 divide 29243?
False
Is 2532074 a multiple of 357?
False
Is 539 a factor of 3646965?
False
Is 11339680 a multiple of 80?
True
Is 2653178 a multiple of 166?
True
Does 104 divide 1066520?
True
Is 117 a factor of 3436605?
False
Does 24 divide 1819320?
True
Is 34 a factor of 154496?
True
Is 45 a factor of 720405?
True
Does 26 divide 579072?
True
Is 15 a factor of 6367810?
False
Is 11 a factor of 68915?
True
Does 60 divide 38280?
True
Does 183 divide 150243?
True
Is 522434 a multiple of 11?
True
Does 4 divide 4353017?
False
Is 403 a factor of 101457?
False
Is 265160 a multiple of 70?
True
Does 240 divide 2722080?
True
Is 266304 a multiple of 304?
True
Does 55 divide 16924985?
True
Does 51 divide 338309?
False
Is 62 a factor of 441674?
False
Does 8 divide 2087631?
False
Is 159 a factor of 4191399?
True
Is 23 a factor of 2064781?
False
Is 3 a factor of 22071?
True
Is 215603 a multiple of 27?
False
Is 8 a factor of 2032?
True
Is 1214331 a multiple of 5?
False
Does 655 divide 426405?
True
Is 433 a factor of 1395743?
False
Does 346 divide 6450824?
True
Is 23 a factor of 17557234?
True
Is 74183 a multiple of 31?
True
Is 3803363 a multiple of 40?
False
Does 37 divide 525696?
True
Is 7 a factor of 14277?
False
Is 13588722 a multiple of 23?
True
Is 2 a factor of 1711379?
False
Does 5 divide 490260?
True
Is 13104 a multiple of 7?
True
Does 861 divide 7300419?
True
Does 1411 divide 11721337?
False
Does 4 divide 1209103?
False
Is 204680 a multiple of 136?
True
Does 8 divide 52340?
False
Is 17 a factor of 1218560?
True
Is 73 a factor of 27471?
False
Does 260 divide 75368?
False
Is 491 a factor of 70704?
True
Does 26 divide 3461043?
False
Is 17751 a multiple of 7?
False
Is 1399 a factor of 4485194?
True
Is 13113585 a multiple of 7?
False
Is 2597536 a multiple of 139?
False
Is 106 a factor of 12535560?
True
Is 510 a factor of 106080?
True
Is 70 a factor of 980280?
True
Is 50 a factor of 60668?
False
Is 28 a factor of 9968?
True
Is 372289 a multiple of 197?
False
Is 78 a factor of 384696?
True
Does 189 divide 356643?
True
Is 8 a factor of 1763528?
True
Does 11 divide 316496?
False
Is 2795790 a multiple of 410?
True
Is 294 a factor of 277830?
True
Is 2495606 a multiple of 232?
False
Does 8 divide 648250?
False
Is 305 a factor of 96380?
True
Is 189 a factor of 498771?
True
Is 45 a factor of 15908218?
False
Is 146 a factor of 94190?
False
Is 1766 a factor of 1636207?
False
Is 5 a factor of 1754574?
False
Does 28 divide 7270340?
True
Is 109710 a multiple of 90?
True
Does 28 divide 12707548?
True
Is 1945520 a multiple of 664?
True
Is 52 a factor of 1226635?
False
Is 1312 a factor of 1287072?
True
Is 1940 a multiple of 2?
True
Is 212 a factor of 388238?
False
Does 135 divide 79380?
True
Does 788 divide 5651536?
True
Does 23 divide 2735551?
True
Is 8185 a multiple of 329?
False
Is 51 a factor of 8615603?
False
Does 82 divide 667964?
False
Is 17024 a multiple of 28?
True
Does 208 divide 7382128?
True
Is 321 a factor of 475080?
True
Is 14 a factor of 69412?
True
Is 9 a factor of 10701?
True
Is 6 a factor of 691938?
True
Does 51 divide 863532?
True
Is 9296802 a multiple of 6?
True
Is 217 a factor of 4356275?
True
Is 935456 a multiple of 245?
False
Is 166 a factor of 226333?
False
Is 18 a factor of 933642?
True
Does 6 divide 78968?
False
Does 39 divide 138450?
True
Is 10569521 a multiple of 153?
False
Does 34 divide 203830?
True
Does 50 divide 1785305?
False
Is 1598 a factor of 2630308?
True
Is 17289980 a multiple of 39?
False
Is 12 a factor of 7257859?
False
Is 6 a factor of 25122?
True
Is 16 a factor of 724128?
True
Is 111 a factor of 8845193?
False
Is 294056 a multiple of 7?
True
Is 257653 a multiple of 397?
True
Does 349 divide 3482322?
True
Does 142 divide 22736?
False
Is 4188 a multiple of 15?
False
Does 11 divide 168312?
False
Is 713619 a multiple of 445?
False
Is 16 a factor of 417744?
True
Is 4062864 a multiple of 408?
True
Is 22 a factor